divisor of 380342 and 228?
38
Calculate the highest common divisor of 260928 and 2904.
24
Calculate the greatest common divisor of 469922736 and 384.
48
What is the highest common factor of 116396465 and 985?
985
What is the greatest common factor of 96 and 29088256?
32
Calculate the highest common factor of 9590690 and 51490.
2710
What is the greatest common divisor of 13243235 and 102585?
4885
What is the highest common divisor of 88396550 and 176?
22
Calculate the highest common factor of 402 and 33170427.
201
What is the highest common factor of 5026165 and 59555?
1385
What is the highest common divisor of 166628004 and 17648?
4412
Calculate the greatest common divisor of 104 and 3919084.
52
Calculate the greatest common factor of 19475967 and 1488.
93
Calculate the greatest common divisor of 118844 and 291412.
1628
What is the highest common divisor of 3654 and 35467812?
522
What is the greatest common factor of 94563876 and 19844?
1804
What is the highest common divisor of 2281204200 and 440?
440
What is the greatest common divisor of 99 and 280510989?
33
Calculate the highest common divisor of 7480 and 549945.
55
Calculate the greatest common factor of 769747 and 18009.
29
What is the greatest common divisor of 8870635 and 5660?
1415
Calculate the highest common factor of 1921714 and 120838.
3898
What is the greatest common factor of 8060329 and 527?
17
Calculate the highest common divisor of 1669855940 and 20.
20
Calculate the greatest common divisor of 16410 and 54042.
6
Calculate the greatest common divisor of 200 and 55997360.
40
Calculate the greatest common factor of 71322096 and 48.
48
Calculate the greatest common divisor of 4126824 and 3042.
234
What is the highest common factor of 23312879 and 822?
137
What is the highest common divisor of 3036 and 177167804?
1012
Calculate the highest common divisor of 1141571890 and 20.
10
What is the highest common factor of 2485434 and 1428?
714
Calculate the highest common divisor of 1312 and 50188756.
164
What is the highest common factor of 120 and 17747940?
60
What is the highest common factor of 438311 and 99161?
323
Calculate the greatest common divisor of 386810 and 846.
94
What is the greatest common factor of 132545123 and 47?
47
What is the highest common factor of 75 and 4343375?
25
What is the highest common divisor of 8128 and 5315204?
508
What is the greatest common factor of 2386354 and 1719?
191
Calculate the highest common factor of 83750 and 208750.
1250
What is the greatest common divisor of 294 and 1053665277?
147
What is the highest common factor of 2431 and 26380211?
143
What is the highest common factor of 1048 and 34288?
8
Calculate the greatest common divisor of 1279632 and 638544.
2544
Calculate the greatest common factor of 322770 and 6575286.
9222
Calculate the highest common factor of 32934 and 1989014.
998
Calculate the greatest common factor of 374 and 2081576662.
374
What is the greatest common factor of 22072 and 1020642388?
11036
What is the greatest common factor of 13056660 and 180?
180
Calculate the greatest common factor of 34190 and 35639130.
2630
What is the highest common divisor of 2948778 and 1?
1
Calculate the greatest common factor of 86 and 1256664809.
43
Calculate the highest common factor of 26197474 and 3130.
626
Calculate the greatest common divisor of 3476753 and 14.
7
Calculate the highest common factor of 929645 and 1105.
85
Calculate the greatest common divisor of 370470 and 6890.
530
What is the highest common divisor of 101373259 and 26?
13
What is the highest common factor of 81885 and 12561?
159
What is the greatest common divisor of 372346 and 598?
26
Calculate the greatest common divisor of 38 and 20054302.
2
What is the greatest common divisor of 352 and 1149612?
4
Calculate the highest common divisor of 116 and 85884892.
116
What is the greatest common divisor of 6248 and 59257?
11
Calculate the greatest common factor of 32 and 935668.
4
What is the highest common factor of 3648 and 76498104?
456
Calculate the highest common divisor of 837319 and 259.
7
Calculate the highest common divisor of 13830 and 74310.
30
Calculate the highest common divisor of 1099162 and 54602.
2374
Calculate the highest common factor of 8 and 306686.
2
Calculate the greatest common divisor of 1561588 and 6192.
172
What is the greatest common factor of 297432 and 6588?
108
What is the highest common divisor of 795587 and 23959?
247
What is the highest common factor of 2263545 and 1955?
115
What is the greatest common factor of 4264 and 1832987?
533
Calculate the highest common factor of 7850 and 84091555.
785
Calculate the highest common divisor of 17694828 and 3.
3
Calculate the highest common divisor of 3023031 and 909.
303
Calculate the highest common factor of 578646 and 143838.
1098
What is the highest common factor of 329118 and 4294?
38
Calculate the highest common factor of 2058042 and 189.
21
What is the highest common factor of 196 and 29132?
4
Calculate the greatest common divisor of 37 and 2353163.
37
What is the highest common factor of 590 and 7952374?
118
What is the greatest common factor of 29731009 and 308?
77
Calculate the highest common factor of 504649 and 13286.
73
Calculate the greatest common factor of 7605 and 12065.
5
Calculate the greatest common factor of 155745876 and 7696.
1924
What is the greatest common factor of 2727 and 26152839?
909
Calculate the greatest common divisor of 3230 and 4520470.
170
What is the greatest common factor of 72441 and 688095?
27
Calculate the greatest common factor of 113669394 and 4728.
1182
Calculate the highest common divisor of 115145522 and 34.
34
What is the greatest common factor of 188 and 43958113?
47
Calculate the highest common divisor of 1635 and 4829565.
15
Calculate the greatest common factor of 200690 and 45628.
122
Calculate the greatest common divisor of 480 and 11517930.
30
What is the greatest common divisor of 165 and 416863095?
165
Calculate the highest common divisor of 32775 and 275241.
69
Calculate the highest common factor of 414 and 1185660.
18
Calculate the greatest common divisor of 2012024 and 78080.
488
What is the highest common divisor of 4224400 and 59?
59
What is the greatest common divisor of 12752476 and 14432?
1804
What is the greatest common divisor of 129413784 and 137621?
12511
What is the greatest common divisor of 63 and 499980768?
21
What is the greatest common divisor of 355 and 17558371?
71
Calculate the greatest common divisor of 932 and 2292714.
2
Calculate the highest common divisor of 4 and 74933828.
4
Calculate the greatest common divisor of 54767705 and 5.
5
Calculate the highest common factor of 17 and 4582333.
17
What is the highest common divisor of 24 and 1597012272?
24
What is the greatest common divisor of 2688 and 3265374?
42
What is the highest common divisor of 5306 and 13857756?
758
What is the greatest common divisor of 7368 and 15857778?
1842
What is the greatest common factor of 3675 and 10264765?
245
Calculate the highest common factor of 158055 and 1800105.
615
Calculate the greatest common divisor of 20 and 92436580.
20
Calculate the greatest common factor of 19834000 and 12220.
940
Calculate the highest common divisor of 866 and 434138.
2
What is the highest common factor of 16035095 and 5?
5
What is the greatest common divisor of 81 and 6918138?
9
Calculate the highest common factor of 30477356 and 336128.
5252
What is the highest common divisor of 1860 and 3552135?
465
Calculate the greatest common divisor of 553722 and 229458.
1374
Calculate the greatest common factor of 12887700 and 7616.
476
Calculate the greatest common divisor of 633106 and 134.
2
What is the greatest common divisor of 145 and 512287610?
145
Calculate the greatest common divisor of 586194 and 124593.
357
Calculate the greatest common divisor of 26828985 and 7335.
2445
Calculate the highest common factor of 551616208 and 165.
11
What is the greatest common divisor of 6327369 and 28359?
207
What is the greatest common factor of 12635 and 491435?
665
Calculate the highest common factor of 57 and 332790567.
57
What is the greatest common divisor of 14528898 and 144?
18
What is the highest common factor of 707344248 and 6?
6
Calculate the greatest common 